89 a multiple of 6?
False
Is 67533 a multiple of 365?
False
Does 10 divide 186?
False
Is 3 a factor of 94?
False
Is 42 a factor of 210?
True
Is 274 a multiple of 30?
False
Is 1972 a multiple of 17?
True
Does 22 divide 694?
False
Does 104 divide 4992?
True
Is 5340 a multiple of 30?
True
Is 42 a factor of 610?
False
Is 5840 a multiple of 80?
True
Does 11 divide 979?
True
Is 24411 a multiple of 74?
False
Does 19 divide 928?
False
Is 38 even?
True
Is 4470 a multiple of 298?
True
Is 8186 a multiple of 61?
False
Does 3 divide 227?
False
Is 3036 a multiple of 66?
True
Is 8 a factor of 38336?
True
Is 18021 a multiple of 61?
False
Is 27 a factor of 1647?
True
Is 7381 a multiple of 61?
True
Does 8 divide 80?
True
Does 24 divide 5712?
True
Is 2980 a multiple of 31?
False
Does 12 divide 2527?
False
Is 30 a factor of 38160?
True
Is 289 a multiple of 42?
False
Does 242 divide 26170?
False
Is 1685 a multiple of 10?
False
Is 199 even?
False
Is 6923 a multiple of 7?
True
Is 9 a factor of 792?
True
Is 613 a multiple of 22?
False
Is 6133 a multiple of 22?
False
Does 5 divide 140?
True
Does 81 divide 212?
False
Does 8 divide 1048?
True
Does 3 divide 702?
True
Does 38 divide 283?
False
Is 2345 a multiple of 35?
True
Is 684 a multiple of 103?
False
Is 9 a factor of 1757?
False
Is 5410 a multiple of 13?
False
Is 2648 a multiple of 100?
False
Does 10 divide 1585?
False
Is 1418 a multiple of 48?
False
Does 8 divide 1127?
False
Does 11 divide 5491?
False
Is 32634 a multiple of 18?
True
Does 26 divide 10927?
False
Is 2034 a multiple of 6?
True
Is 123 a factor of 33390?
False
Is 93 a multiple of 11?
False
Is 8 a factor of 152?
True
Is 23 a factor of 16146?
True
Is 3 a factor of 3077?
False
Is 47 a factor of 4832?
False
Does 34 divide 10404?
True
Is 4130 a multiple of 59?
True
Is 13 a factor of 421?
False
Does 27 divide 71064?
True
Is 1543 a multiple of 20?
False
Is 14 a factor of 16016?
True
Is 15378 a multiple of 15?
False
Does 172 divide 37584?
False
Does 15 divide 1194?
False
Does 51 divide 1019?
False
Is 2 a factor of 9529?
False
Is 26 a factor of 598?
True
Does 4 divide 2591?
False
Does 9 divide 703?
False
Is 99 a factor of 13266?
True
Is 30 a factor of 570?
True
Is 11 a factor of 9314?
False
Is 7 a factor of 163?
False
Is 26 a factor of 520?
True
Does 3 divide 3384?
True
Is 6728 a multiple of 8?
True
Does 5 divide 764?
False
Is 22 a factor of 28852?
False
Is 14 a factor of 14980?
True
Does 15 divide 270?
True
Is 4225 a multiple of 65?
True
Is 546 a multiple of 3?
True
Is 19 a factor of 417?
False
Is 14440 a multiple of 8?
True
Is 92 a multiple of 92?
True
Is 47 a factor of 2326?
False
Does 362 divide 22082?
True
Is 10075 a multiple of 213?
False
Is 2272 a multiple of 10?
False
Is 727 a multiple of 54?
False
Is 4628 a multiple of 13?
True
Does 102 divide 1554?
False
Is 44 a factor of 3450?
False
Does 77 divide 962?
False
Does 45 divide 19572?
False
Is 283 a multiple of 14?
False
Does 2 divide 3986?
True
Is 53 a factor of 1643?
True
Does 51 divide 2397?
True
Is 137706 a multiple of 38?
False
Is 63 a factor of 1008?
True
Does 119 divide 63498?
False
Does 67 divide 705?
False
Does 66 divide 4158?
True
Does 78 divide 9673?
False
Is 15052 a multiple of 5?
False
Does 53 divide 5936?
True
Does 98 divide 71344?
True
Is 31 a factor of 7150?
False
Does 17 divide 8441?
False
Is 3780 a multiple of 48?
False
Is 31 a factor of 2697?
True
Is 149 a factor of 44998?
True
Is 13 a factor of 373?
False
Is 111 even?
False
Is 6919 a multiple of 187?
True
Is 365 a multiple of 8?
False
Is 26 a factor of 2308?
False
Does 93 divide 43989?
True
Is 5 a factor of 110?
True
Is 16 a factor of 5088?
True
Does 23 divide 1472?
True
Does 8 divide 528?
True
Is 2257 a multiple of 37?
True
Does 22 divide 2134?
True
Is 272 a factor of 70814?
False
Is 10 a factor of 20740?
True
Is 2 a factor of 62?
True
Is 3 a factor of 953?
False
Does 8 divide 360?
True
Is 290 a multiple of 43?
False
Is 181 a factor of 1822?
False
Does 70 divide 13090?
True
Does 53 divide 759?
False
Is 23 a factor of 2816?
False
Is 735 a multiple of 21?
True
Is 460 a multiple of 23?
True
Does 40 divide 43401?
False
Is 73 a factor of 201?
False
Is 50 a factor of 22900?
True
Does 10 divide 60?
True
Is 176 a multiple of 16?
True
Is 15483 a multiple of 39?
True
Is 112 a factor of 50736?
True
Is 8 a factor of 10344?
True
Is 17 a factor of 2244?
True
Does 15 divide 29600?
False
Is 28 a factor of 63364?
True
Is 7 a factor of 11725?
True
Is 1968 a multiple of 33?
False
Does 198 divide 3960?
True
Is 23 a factor of 361?
False
Does 25 divide 55968?
False
Does 44 divide 1408?
True
Is 3007 a multiple of 97?
True
Is 53190 a multiple of 90?
True
Is 13875 a multiple of 108?
False
Does 30 divide 9120?
True
Is 201 a multiple of 30?
False
Is 557 a multiple of 17?
False
Does 67 divide 1474?
True
Is 630 a multiple of 14?
True
Is 12998 a multiple of 134?
True
Is 991 a multiple of 7?
False
Does 13 divide 1289?
False
Does 62 divide 930?
True
Is 31730 a multiple of 95?
True
Is 529 a multiple of 31?
False
Is 29 a factor of 913?
False
Is 50 a factor of 4523?
False
Does 82 divide 8481?
False
Is 14515 a multiple of 76?
False
Does 124 divide 13392?
True
Is 2916 a multiple of 27?
True
Is 17 a factor of 7973?
True
Does 45 divide 24930?
True
Does 3 divide 1154?
False
Is 9 a factor of 618?
False
Does 31 divide 1519?
True
Is 4 a factor of 59?
False
Is 3408 a multiple of 12?
True
Is 61975 a multiple of 25?
True
Is 21137 a multiple of 120?
False
Does 79 divide 17538?
True
Does 12 divide 82728?
True
Is 8 a factor of 14504?
True
Is 24 a factor of 14381?
False
Is 39 a factor of 21450?
True
Is 805 a multiple of 23?
True
Is 29 a factor of 261?
True
Is 19 a multiple of 2?
False
Is 31137 a multiple of 27?
False
Is 5 a factor of 195?
True
Does 4 divide 146?
False
Does 25 divide 150?
True
Does 18 divide 3664?
False
Is 1175 a multiple of 13?
False
Is 3 a factor of 194?
False
Does 37 divide 21423?
True
Does 36 divide 828?
True
Is 12375 a multiple of 10?
False
Is 895 a multiple of 179?
True
Is 59 a multiple of 4?
False
Does 133 divide 7049?
True
Is 73 a factor of 2117?
True
Does 18 divide 522?
True
Is 12 a factor of 1332?
True
Is 43203 a multiple of 268?
False
Is 15 a factor of 359?
False
Is 7 a factor of 3786?
False
Is 9 a factor of 1143?
True
Does 103 divide 4546?
False
Is 5763 a multiple of 13?
False
Does 171 divide 1026?
True
Is 47 a multiple of 9?
False
Is 11 a factor of 2818?
False
Does 32 divide 12865?
False
Is 741 a multiple of 39?
True
Does 52 divide 18356?
True
Does 20 divide 2425?
False
Is 123 a factor of 13772?
False
Is 2540 a multiple of 20?
True
Is 20 a factor of 180?
True
Does 11 divide 563?
False
Is 7040 a multiple of 110?
True
Does 30 divide 19237?
False
Is 12 a factor of 264?
True
Is 2046 a multiple of 6?
True
Is 21 a factor of 978?
False
Does 2 divide 1029?
False
Is 4169 a multiple of 107?
False
Is 20413 a multiple of 141?
False
Is 26 a factor of 9434?
False
Is 98 a factor of 6566?
True
Is 6 a factor of 118?
False
Does 19 divide 931?
True
Does 63 divide 2079?
True
Is 1333 a multiple of 45?
False
Is 9758 a multiple of 34?
True
Does 32 divide 344?
False
Is 50 a factor of 8550?
True
Does 78 divide 4680?
True
Is 30 a factor of 690?
True
Is 31 a factor of 142755?
True
Is 94 a factor of 59596?
True
Is 105 a multiple of 19?
False
Is 583 a multiple of 11?
True
Is 12 a factor of 4140?
True
Is 10 a factor of 79360?
True
Does 84 divide 1058?
False
Is 44288 a multiple of 221?
False
Is 3804 a multiple of 84?
False
Is 6929 a multiple of 41?
True
Is 1160 a multiple of 10?
True
Is 136 a multiple of 33?
False
Is 7917 a multiple of 29?
True
Is 3313 a multiple of 6?
False
Is 25168 a multiple of 143?
True
Does 55 divide 16995?
True
Is 159 even?
False
Is 112 a factor of 12992?
True
Is 1932 a multiple of 14?
True
Is 4834 a multiple of 12?
False
Is 350 a multiple of 35?
True
Is 385 a multiple of 11?
True
Does 88 divide 7268?
False
Is 17 a factor of 3427?
False
Does 18 divide 846?
True
Is 919 a multiple of 10?
False
Is 26027 a multiple of 23?
False
Does 15 divide 3660?
True
Is 13088 a multiple of 17?
False
Is 7442 a multiple of 119?
False
Is 15 a factor of 117?
False
Is 12249 a multiple of 10?
False
Is 30 a factor of 1521?
False
Is 160 a factor of 34190?
False
Is 8 a factor of 4770?
Fa